40 - 7243. Calculate p(-11).
-30
Let p(v) = -44*v**2 - 6*v + 51. Let a(h) = 7*h**2 + h - 9. Let u(o) = -19*a(o) - 3*p(o). Suppose 2*w + 0*g - 8 = 2*g, -5*w - 2*g - 8 = 0. Determine u(w).
18
Let t(k) = -5*k**2 + 2*k - 27. Let n(g) = -2*g**2 - 13 + 0*g**2 + 84*g - 154*g + 70*g. Let d(f) = -7*n(f) + 3*t(f). Determine d(6).
10
Let r(g) be the second derivative of 2*g**4/3 + 2*g**3/3 - 3*g**2/2 + 153*g. What is r(-3)?
57
Let o(j) = 19*j + 40. Suppose 349*q - 2*b = 348*q - 9, -2*q - 9 = -b. Calculate o(q).
-17
Let k(a) = 5*a**2 - 7*a + 7. Let m(w) = w**2. Let d(i) = k(i) - 6*m(i). Let y be d(-8). Let g(z) = 21*z**2 - z - 22*z**2 + z. Give g(y).
-1
Suppose -o + 5*z + 3 = 0, 2*o - 4*z + 8*z + 22 = 0. Let b be -4 + (-1 - o - (-18)/9). Let i(k) = 2*k**2 - 2*k - 2. Determine i(b).
22
Let o(v) be the third derivative of 101*v**2 + 7/60*v**5 + 0*v**4 + 1/120*v**6 + 0*v - 4/3*v**3 + 0. Give o(-7).
-8
Let r = 734 - 730. Let h(m) = 4*m - 3*m + 0*m**2 - 3*m + m**2 + 5. What is h(r)?
13
Let u(g) be the second derivative of -3*g**3/2 - 103*g**2/2 - 2*g - 133. Calculate u(-12).
5
Let n(s) = -8 + 79*s**2 - 171*s**2 - s + 86*s**2 + 3*s**3 - 2*s**3 + 2*s. Let y = -1 - -4. Let h = y + 3. Determine n(h).
-2
Let v(r) = -5 - r - 168585569*r**3 + 168585570*r**3 - r**2 - r**2. Suppose 0*l + 12 = 3*l. What is v(l)?
23
Let i(z) = 15*z + 361. Let w be (2/(-5)*2)/((-245)/(-7350)). Calculate i(w).
1
Let q(f) = -2*f**3 - 4*f - 3. Let w be 6 - 104/13*1. What is q(w)?
21
Suppose 3*n + 4 = -h - 0*h, -4*h + 5*n + 18 = 0. Let s = -51 + 58. Let l(i) = s*i + 1 - 3*i - 4*i + i. Determine l(h).
3
Let f(b) be the second derivative of 2*b**3/3 + 21*b**2/2 + 19*b - 29. What is f(-6)?
-3
Let n(v) be the second derivative of 1/6*v**3 - v + 10 - 11*v**2. Determine n(9).
-13
Let i(k) = 9*k**3 + 9*k**2 - 6*k + 4. Let w(m) = -m**3 - 2*m**2 + m - 1. Suppose 27 = 3*h + 3*f, 0*f + 20 = 5*f. Let z(q) = h*w(q) + i(q). Determine z(-1).
-5
Let q(m) be the first derivative of 1/4*m**4 - 4*m**2 + 5*m + 134 + 8/3*m**3. Determine q(-9).
-4
Let c be (-120)/(-36)*(-6)/5. Let o be 356/c - (2 - -1). Let z = o + 86. Let b(f) = 3*f + 1. Calculate b(z).
-17
Let r(v) = -3*v - 14. Let g be r(-7). Let t(b) = -5*b**2 + b - 11. Let f(x) = 9*x**2 - 2*x + 20. Let p(i) = g*t(i) + 4*f(i). Calculate p(0).
3
Let m(b) = -2*b - 2. Suppose 4*k = c + 32 - 46, -3*c + 5*k + 21 = 0. Let s(h) = -h**3 - h**2 + 5*h - 5. Let f be s(c). Determine m(f).
12
Let k(y) = -8*y**2 + 10*y. Suppose 5055*d - 5056*d + 4 = 0. Calculate k(d).
-88
Let q(o) be the first derivative of -o**4/4 - 5*o**3/3 + o**2/2 + 4*o - 6291. What is q(-5)?
-1
Suppose -j - 1 = 0, 11*j - 6*j = 4*m - 25. Let q(o) = -12*o + 14. Let f(k) = 5*k - 6. Let x(a) = m*f(a) + 2*q(a). Calculate x(3).
1
Let o(r) = -4*r - 38. Let h(z) = 436*z - 3065. Let a be h(7). Determine o(a).
14
Let c(r) = -r**3 + 92*r**2 + 289*r - 381. Let m be c(95). Let o(n) = 29*n + 29. What is o(m)?
0
Let m(w) = -w**3 + 2*w**2 + 5*w - 3. Let r be m(3). Let h(q) be the third derivative of -13*q**2 - 1/60*q**5 + 1/12*q**4 - 1 + 0*q - 2/3*q**3. What is h(r)?
-7
Suppose -2*z + 684 = -4*v - 7*z, -720 = 4*v - 4*z. Let l = v + 182. Let i(b) = -b**3 + 6*b**2 + b - 3. Determine i(l).
3
Let h(t) = t - 10. Let x be h(10). Suppose u + 4*r = 6 + 6, -3*r - 3 = x. Suppose -u = -p - 3*p. Let y(c) = -c**2 + 3*c. Determine y(p).
-4
Let a(p) = 10*p**2 - 2*p**2 + p + 4*p + p**3 - 8. Let i = -19137 + 19130. Give a(i).
6
Suppose 3*r = -2*j - 0*r + 151, 2*j + r - 145 = 0. Let f = -55 + j. Suppose f*a = 15*a. Let s(h) = h + 16. What is s(a)?
16
Let g be (-7)/(-14) + 75/6. Let m(h) = -8*h + g*h - h - 4. Determine m(-6).
-28
Let a(c) = c**3 - 16*c**2 - 12*c - 77. Let z be a(17). Let x(i) = -i**2 - 4*i + 35. Determine x(z).
-61
Let n(g) = g**3 - 3*g + 3. Let v(z) = z**3 - 9*z**2 - 19*z + 29. Let o be v(10). Let p(m) = -17*m**2 + 3*m - 2. Let s be p(2). Let j = o - s. Calculate n(j).
21
Let m(j) be the third derivative of -3*j**2 + 1/720*j**6 + 0 + 0*j + 0*j**3 + 11/120*j**5 + 23/24*j**4. Let g(x) be the second derivative of m(x). What is g(0)?
11
Let s(q) = 115*q - 1040. Let y be s(9). Let l(k) = -3*k**2 - 11*k - 11. Give l(y).
-31
Let a(x) = -114*x**2 - 3*x + 5*x + 81*x**2 + 3 + 5*x**2. Give a(-1).
-27
Let f(q) = q**3 + 7*q**2 - 121*q - 23. Let u = 22721 + -22736. Calculate f(u).
-8
Let i = -16 - -38. Let u(j) be the first derivative of -j**4/4 + 7*j**3 + 21*j**2/2 + 16*j - 1707. Let p be u(i). Let k(g) = g**2 + 8*g - 1. Determine k(p).
-13
Let t(s) = -s**2 + 4*s - 3. Suppose -33 - 7 = 2*m + o, -2*m + o = 40. Let p be -1 - -4 - (m + 3). Suppose 4*u = p - 4. Give t(u).
-3
Let q(j) = -j**2 - 28. Suppose -11 = -3*n + 10. Suppose 0 = -n*a + 11*a. Give q(a).
-28
Suppose 16*t - 13*t + 5*d = -37, 2*t = d + 23. Let b(y) = y**2 + 1. Let l(u) = -6*u**2 + 3*u - 11. Let f(m) = -5*b(m) - l(m). Determine f(t).
24
Let f(g) = -3*g**2 + 71*g - 147. Let n be f(21). Let j(a) = a**3 - 20*a**2 - 24*a + 53. Calculate j(n).
-10
Let u = 12 - 7. Let o be 11/33*54*3/6. Suppose g + f - 1 = o, -47 = -u*g - 4*f. Let l(r) = -r + 17. Determine l(g).
10
Let q(y) = 22*y - 40. Suppose -588*f - 2568 = 54*f. Determine q(f).
-128
Let p(r) be the first derivative of r**3/3 + 7*r**2 + 86*r - 91. Let m(l) be the first derivative of p(l). What is m(-6)?
2
Let h(m) = 2*m. Suppose -g = -5*r, -813*r + 809*r + 4*g = 0. Determine h(r).
0
Let p(a) = 2*a + 7. Let m(y) = -y - 4. Let x(s) = -5*m(s) - 3*p(s). Let h be x(-3). Let u(b) = -3*b**2 - 3*b + 4*b**2 - 6*b**3 + 4*b**3 + 3 + b**3. Give u(h).
-7
Let v(j) be the second derivative of j**4/6 + j**3/6 + 2*j**2 + j. Let s(z) = 11*z + 184. Let b be s(-17). What is v(b)?
19
Let s(g) = -11*g**3 + 2*g**2 - 104*g + 29. Let c(i) = -7*i**3 + i**2 - 68*i + 19. Let j(w) = -14*c(w) + 9*s(w). Give j(6).
19
Suppose 0 = -2*t + 490 + 106. Let k(l) = l + 0*l**2 + 0*l**2 + 298 - t + l**2. What is k(2)?
6
Let s(x) = -3*x**2 - 27*x - 19. Let d(y) = -5*y**2 - 41*y - 29. Let h(l) = -5*d(l) + 8*s(l). Let z = 68463 + -68453. What is h(z)?
-17
Let f(u) be the third derivative of -u**5/120 - u**4/12 - 27*u**3/2 - 326*u**2. Let b(p) be the first derivative of f(p). Suppose 3*t + 4 + 5 = 0. Give b(t).
1
Let l(x) be the first derivative of x**4/4 - 5*x**3/3 - x**2/2 + x - 8806. What is l(4)?
-19
Let f(v) be the first derivative of -v - 48 + 1/2*v**2. What is f(-2)?
-3
Let p(x) = -x**3 + 4*x**2 + 8*x + 31. Let g be (-74)/(-12) - 13/78. Determine p(g).
7
Let r be (13/52)/(1/(-24)). Let f(l) = l**3 + 6*l**2 - 8*l - 45. What is f(r)?
3
Let t = 2977 - 2991. Let s(f) = f**2 + 15*f + 14. Calculate s(t).
0
Let n(g) = -g**2 - 18*g + 112. Let y be -20 - (25/5 - 2). Let o be n(y). Let p(f) = 7*f + 1. Let c(v) = 2*v. Let i(t) = -6*c(t) + 2*p(t). Calculate i(o).
-4
Let k be (-59)/4 - ((-1173)/204 + 6). Let j(c) = -c**3 - 14*c**2 + 12*c - 51. Determine j(k).
-6
Let s be (20 - (-13 + 35))*(-2)/(-2). Let t(w) = 13*w**2 + 2*w + 13. Let h(c) = -6*c**2 - c - 6. Let b(x) = -9*h(x) - 4*t(x). What is b(s)?
8
Let r = 21201 + -21208. Let p(f) be the third derivative of f**4/24 - f**3/2 + 3*f**2. Let j(l) = 2. Let h(b) = 4*j(b) + 2*p(b). Give h(r).
-12
Let k = 1 - 1. Suppose k = -2*g - 0*g + 4. Let u(i) = -i**2 + 5*i - 11. Let s(a) = 2*a**2 - 13*a + 30. Let o(c) = 4*s(c) + 11*u(c). Give o(g).
-7
Let v(x) = x**3 + 15*x**2 + 48*x - 19. Let n be -2 + 20*(-10)/25. What is v(n)?
1
Let y = -9226 - -9234. Let k(p) = p + 4. Let h(s) = s + 3. Let o(d) = -4*h(d) + 3*k(d). Determine o(y).
-8
Let s(m) = 6*m**2 - 9*m + 9. Let l(r) be the first derivative of -r**3/3 + r**2/2 - r + 4. Let z(k) = -5*l(k) - s(k). Suppose 3*w - 14*w + 33 = 0. What is z(w)?
-1
Let p(k) = -k**3 + 9*k**2 - 7*k + 3. Suppose -371 = -20*f - 2311. Let c be -3 + f/(-9) - 16/(-72). Give p(c).
11
Let r(g) = g**2 - 192*g + 4863. Let p be r(30). Let t(m) = -m**2 - 1 + 4*m + 3*m - 3. Calculate t(p).
8
Let g be 1/((-6)/(-15))*45/(450/(-56)). Let z(h) = h**3 + 14*h**2 - 5. Determine z(g).
-5
Suppose 3*d + 3 = 2*x - 24, 0 = 2*x - d - 21. Let i(c) = -c + 2*c + 0*c. Give i(x).
9
Let v(j) = -j**3 + 36*j**2 - 8*j + 3. Let q(w) = -3*w**3 + 96*w**2 - 23*w + 9. Let z(r) = 3*q(r) - 8*v(r). What is z(2)?
-15
Let r(y) be the third derivative of 7*y**5/60 + y**4/12 + y**3/6 + 2*y**2. Let t = 35 + -39. Let j be (-2)/2*(1 - (t - -4)). Calc